{"id":19678,"date":"2026-04-10T09:54:08","date_gmt":"2026-04-10T15:54:08","guid":{"rendered":"https:\/\/fce.ufm.edu\/businessday\/?post_type=conferencista&#038;p=19678"},"modified":"2026-04-10T09:54:08","modified_gmt":"2026-04-10T15:54:08","slug":"nuno-lopes-alves","status":"publish","type":"conferencista","link":"https:\/\/fce.ufm.edu\/businessday\/conferencista\/nuno-lopes-alves\/","title":{"rendered":"Nuno Lopes Alves"},"content":{"rendered":"<p>Nuno Lopes Alves lidera las operaciones de la compa\u00f1\u00eda en cuarenta y cuatro mercados y territorios de la regi\u00f3n, y supervisa las relaciones con instituciones financieras, fintechs, comercios y socios gubernamentales. Cuenta con m\u00e1s de veinticinco a\u00f1os de experiencia en los sectores de banca, pagos y consultor\u00eda. Es egresado del MBA de IESE Business School y licenciado en Administraci\u00f3n de Empresas, por la Pontif\u00edcia Universidade Cat\u00f3lica de S\u00e3o Paulo.<\/p>\n","protected":false},"featured_media":19679,"template":"","class_list":["post-19678","conferencista","type-conferencista","status-publish","has-post-thumbnail","hentry"],"yoast_head":"<!-- This site is optimized with the Yoast SEO plugin v22.9 - https:\/\/yoast.com\/wordpress\/plugins\/seo\/ -->\n<title>Nuno Lopes Alves - Business day<\/title>\n<meta name=\"robots\" content=\"index, follow, max-snippet:-1, max-image-preview:large, max-video-preview:-1\" \/>\n<link rel=\"canonical\" href=\"https:\/\/fce.ufm.edu\/businessday\/conferencista\/nuno-lopes-alves\/\" \/>\n<meta property=\"og:locale\" content=\"es_ES\" \/>\n<meta property=\"og:type\" content=\"article\" \/>\n<meta property=\"og:title\" content=\"Nuno Lopes Alves - Business day\" \/>\n<meta property=\"og:description\" content=\"Nuno Lopes Alves lidera las operaciones de la compa\u00f1\u00eda en cuarenta y cuatro mercados y territorios de la regi\u00f3n, y supervisa las relaciones con instituciones financieras, fintechs, comercios y socios gubernamentales. Cuenta con m\u00e1s de veinticinco a\u00f1os de experiencia en los sectores de banca, pagos y consultor\u00eda. Es egresado del MBA de IESE Business School&hellip;\" \/>\n<meta property=\"og:url\" content=\"https:\/\/fce.ufm.edu\/businessday\/conferencista\/nuno-lopes-alves\/\" \/>\n<meta property=\"og:site_name\" content=\"Business day\" \/>\n<meta property=\"og:image\" content=\"https:\/\/fce.ufm.edu\/businessday\/wp-content\/uploads\/2026\/04\/UFM-FCE-Business-BusinessDay-Speaker-NunoLopesAlves-2026.jpg\" \/>\n\t<meta property=\"og:image:width\" content=\"325\" \/>\n\t<meta property=\"og:image:height\" content=\"326\" \/>\n\t<meta property=\"og:image:type\" content=\"image\/jpeg\" \/>\n<meta name=\"twitter:card\" content=\"summary_large_image\" \/>\n<meta name=\"twitter:label1\" content=\"Tiempo de lectura\" \/>\n\t<meta name=\"twitter:data1\" content=\"1 minuto\" \/>\n<script type=\"application\/ld+json\" class=\"yoast-schema-graph\">{\"@context\":\"https:\/\/schema.org\",\"@graph\":[{\"@type\":\"WebPage\",\"@id\":\"https:\/\/fce.ufm.edu\/businessday\/conferencista\/nuno-lopes-alves\/\",\"url\":\"https:\/\/fce.ufm.edu\/businessday\/conferencista\/nuno-lopes-alves\/\",\"name\":\"Nuno Lopes Alves - Business day\",\"isPartOf\":{\"@id\":\"https:\/\/fce.ufm.edu\/businessday\/#website\"},\"primaryImageOfPage\":{\"@id\":\"https:\/\/fce.ufm.edu\/businessday\/conferencista\/nuno-lopes-alves\/#primaryimage\"},\"image\":{\"@id\":\"https:\/\/fce.ufm.edu\/businessday\/conferencista\/nuno-lopes-alves\/#primaryimage\"},\"thumbnailUrl\":\"https:\/\/fce.ufm.edu\/businessday\/wp-content\/uploads\/2026\/04\/UFM-FCE-Business-BusinessDay-Speaker-NunoLopesAlves-2026.jpg\",\"datePublished\":\"2026-04-10T15:54:08+00:00\",\"dateModified\":\"2026-04-10T15:54:08+00:00\",\"breadcrumb\":{\"@id\":\"https:\/\/fce.ufm.edu\/businessday\/conferencista\/nuno-lopes-alves\/#breadcrumb\"},\"inLanguage\":\"es\",\"potentialAction\":[{\"@type\":\"ReadAction\",\"target\":[\"https:\/\/fce.ufm.edu\/businessday\/conferencista\/nuno-lopes-alves\/\"]}]},{\"@type\":\"ImageObject\",\"inLanguage\":\"es\",\"@id\":\"https:\/\/fce.ufm.edu\/businessday\/conferencista\/nuno-lopes-alves\/#primaryimage\",\"url\":\"https:\/\/fce.ufm.edu\/businessday\/wp-content\/uploads\/2026\/04\/UFM-FCE-Business-BusinessDay-Speaker-NunoLopesAlves-2026.jpg\",\"contentUrl\":\"https:\/\/fce.ufm.edu\/businessday\/wp-content\/uploads\/2026\/04\/UFM-FCE-Business-BusinessDay-Speaker-NunoLopesAlves-2026.jpg\",\"width\":325,\"height\":326},{\"@type\":\"BreadcrumbList\",\"@id\":\"https:\/\/fce.ufm.edu\/businessday\/conferencista\/nuno-lopes-alves\/#breadcrumb\",\"itemListElement\":[{\"@type\":\"ListItem\",\"position\":1,\"name\":\"Portada\",\"item\":\"https:\/\/fce.ufm.edu\/businessday\/\"},{\"@type\":\"ListItem\",\"position\":2,\"name\":\"Conferencistas\",\"item\":\"https:\/\/fce.ufm.edu\/businessday\/conferencista\/\"},{\"@type\":\"ListItem\",\"position\":3,\"name\":\"Nuno Lopes Alves\"}]},{\"@type\":\"WebSite\",\"@id\":\"https:\/\/fce.ufm.edu\/businessday\/#website\",\"url\":\"https:\/\/fce.ufm.edu\/businessday\/\",\"name\":\"Business day\",\"description\":\"Universidad Francisco Marroqu\u00edn\",\"potentialAction\":[{\"@type\":\"SearchAction\",\"target\":{\"@type\":\"EntryPoint\",\"urlTemplate\":\"https:\/\/fce.ufm.edu\/businessday\/?s={search_term_string}\"},\"query-input\":\"required name=search_term_string\"}],\"inLanguage\":\"es\"}]}<\/script>\n<!-- \/ Yoast SEO plugin. -->","yoast_head_json":{"title":"Nuno Lopes Alves - Business day","robots":{"index":"index","follow":"follow","max-snippet":"max-snippet:-1","max-image-preview":"max-image-preview:large","max-video-preview":"max-video-preview:-1"},"canonical":"https:\/\/fce.ufm.edu\/businessday\/conferencista\/nuno-lopes-alves\/","og_locale":"es_ES","og_type":"article","og_title":"Nuno Lopes Alves - Business day","og_description":"Nuno Lopes Alves lidera las operaciones de la compa\u00f1\u00eda en cuarenta y cuatro mercados y territorios de la regi\u00f3n, y supervisa las relaciones con instituciones financieras, fintechs, comercios y socios gubernamentales. Cuenta con m\u00e1s de veinticinco a\u00f1os de experiencia en los sectores de banca, pagos y consultor\u00eda. Es egresado del MBA de IESE Business School&hellip;","og_url":"https:\/\/fce.ufm.edu\/businessday\/conferencista\/nuno-lopes-alves\/","og_site_name":"Business day","og_image":[{"width":325,"height":326,"url":"https:\/\/fce.ufm.edu\/businessday\/wp-content\/uploads\/2026\/04\/UFM-FCE-Business-BusinessDay-Speaker-NunoLopesAlves-2026.jpg","type":"image\/jpeg"}],"twitter_card":"summary_large_image","twitter_misc":{"Tiempo de lectura":"1 minuto"},"schema":{"@context":"https:\/\/schema.org","@graph":[{"@type":"WebPage","@id":"https:\/\/fce.ufm.edu\/businessday\/conferencista\/nuno-lopes-alves\/","url":"https:\/\/fce.ufm.edu\/businessday\/conferencista\/nuno-lopes-alves\/","name":"Nuno Lopes Alves - Business day","isPartOf":{"@id":"https:\/\/fce.ufm.edu\/businessday\/#website"},"primaryImageOfPage":{"@id":"https:\/\/fce.ufm.edu\/businessday\/conferencista\/nuno-lopes-alves\/#primaryimage"},"image":{"@id":"https:\/\/fce.ufm.edu\/businessday\/conferencista\/nuno-lopes-alves\/#primaryimage"},"thumbnailUrl":"https:\/\/fce.ufm.edu\/businessday\/wp-content\/uploads\/2026\/04\/UFM-FCE-Business-BusinessDay-Speaker-NunoLopesAlves-2026.jpg","datePublished":"2026-04-10T15:54:08+00:00","dateModified":"2026-04-10T15:54:08+00:00","breadcrumb":{"@id":"https:\/\/fce.ufm.edu\/businessday\/conferencista\/nuno-lopes-alves\/#breadcrumb"},"inLanguage":"es","potentialAction":[{"@type":"ReadAction","target":["https:\/\/fce.ufm.edu\/businessday\/conferencista\/nuno-lopes-alves\/"]}]},{"@type":"ImageObject","inLanguage":"es","@id":"https:\/\/fce.ufm.edu\/businessday\/conferencista\/nuno-lopes-alves\/#primaryimage","url":"https:\/\/fce.ufm.edu\/businessday\/wp-content\/uploads\/2026\/04\/UFM-FCE-Business-BusinessDay-Speaker-NunoLopesAlves-2026.jpg","contentUrl":"https:\/\/fce.ufm.edu\/businessday\/wp-content\/uploads\/2026\/04\/UFM-FCE-Business-BusinessDay-Speaker-NunoLopesAlves-2026.jpg","width":325,"height":326},{"@type":"BreadcrumbList","@id":"https:\/\/fce.ufm.edu\/businessday\/conferencista\/nuno-lopes-alves\/#breadcrumb","itemListElement":[{"@type":"ListItem","position":1,"name":"Portada","item":"https:\/\/fce.ufm.edu\/businessday\/"},{"@type":"ListItem","position":2,"name":"Conferencistas","item":"https:\/\/fce.ufm.edu\/businessday\/conferencista\/"},{"@type":"ListItem","position":3,"name":"Nuno Lopes Alves"}]},{"@type":"WebSite","@id":"https:\/\/fce.ufm.edu\/businessday\/#website","url":"https:\/\/fce.ufm.edu\/businessday\/","name":"Business day","description":"Universidad Francisco Marroqu\u00edn","potentialAction":[{"@type":"SearchAction","target":{"@type":"EntryPoint","urlTemplate":"https:\/\/fce.ufm.edu\/businessday\/?s={search_term_string}"},"query-input":"required name=search_term_string"}],"inLanguage":"es"}]}},"meta_box":{"resumen":"<p>Nuno Lopes Alves lidera las operaciones de la compa\u00f1\u00eda en cuarenta y cuatro mercados y territorios de la regi\u00f3n, y supervisa las relaciones con instituciones financieras, fintechs, comercios y socios gubernamentales.<\/p>\n","puesto_academico":"Presidente regional Visa Am\u00e9rica Latina y el Caribe","red_social":"https:\/\/www.linkedin.com\/in\/nunolopesalves\/","frase":""},"_links":{"self":[{"href":"https:\/\/fce.ufm.edu\/businessday\/wp-json\/wp\/v2\/conferencista\/19678","targetHints":{"allow":["GET"]}}],"collection":[{"href":"https:\/\/fce.ufm.edu\/businessday\/wp-json\/wp\/v2\/conferencista"}],"about":[{"href":"https:\/\/fce.ufm.edu\/businessday\/wp-json\/wp\/v2\/types\/conferencista"}],"wp:featuredmedia":[{"embeddable":true,"href":"https:\/\/fce.ufm.edu\/businessday\/wp-json\/wp\/v2\/media\/19679"}],"wp:attachment":[{"href":"https:\/\/fce.ufm.edu\/businessday\/wp-json\/wp\/v2\/media?parent=19678"}],"curies":[{"name":"wp","href":"https:\/\/api.w.org\/{rel}","templated":true}]}}

<p>Nuno Lopes Alves lidera las operaciones de la compañía en cuarenta y cuatro mercados y territorios de la región, y supervisa las relaciones con instituciones financieras, fintechs, comercios y socios gubernamentales. Cuenta con más de veinticinco años de experiencia en los sectores de banca, pagos y consultoría. Es egresado del MBA de IESE Business School y licenciado en Administración de Empresas, por la Pontifícia Universidade Católica de São Paulo.</p>

<!-- This site is optimized with the Yoast SEO plugin v22.9 - https://yoast.com/wordpress/plugins/seo/ -->
<title>Nuno Lopes Alves - Business day</title>
<meta name="robots" content="index, follow, max-snippet:-1, max-image-preview:large, max-video-preview:-1" />
<link rel="canonical" href="https://fce.ufm.edu/businessday/conferencista/nuno-lopes-alves/" />
<meta property="og:locale" content="es_ES" />
<meta property="og:type" content="article" />
<meta property="og:title" content="Nuno Lopes Alves - Business day" />
<meta property="og:description" content="Nuno Lopes Alves lidera las operaciones de la compañía en cuarenta y cuatro mercados y territorios de la región, y supervisa las relaciones con instituciones financieras, fintechs, comercios y socios gubernamentales. Cuenta con más de veinticinco años de experiencia en los sectores de banca, pagos y consultoría. Es egresado del MBA de IESE Business School&hellip;" />
<meta property="og:url" content="https://fce.ufm.edu/businessday/conferencista/nuno-lopes-alves/" />
<meta property="og:site_name" content="Business day" />
<meta property="og:image" content="https://fce.ufm.edu/businessday/wp-content/uploads/2026/04/UFM-FCE-Business-BusinessDay-Speaker-NunoLopesAlves-2026.jpg" />
	<meta property="og:image:width" content="325" />
	<meta property="og:image:height" content="326" />
	<meta property="og:image:type" content="image/jpeg" />
<meta name="twitter:card" content="summary_large_image" />
<meta name="twitter:label1" content="Tiempo de lectura" />
	<meta name="twitter:data1" content="1 minuto" />
<script type="application/ld+json" class="yoast-schema-graph">{"@context":"https://schema.org","@graph":[{"@type":"WebPage","@id":"https://fce.ufm.edu/businessday/conferencista/nuno-lopes-alves/","url":"https://fce.ufm.edu/businessday/conferencista/nuno-lopes-alves/","name":"Nuno Lopes Alves - Business day","isPartOf":{"@id":"https://fce.ufm.edu/businessday/#website"},"primaryImageOfPage":{"@id":"https://fce.ufm.edu/businessday/conferencista/nuno-lopes-alves/#primaryimage"},"image":{"@id":"https://fce.ufm.edu/businessday/conferencista/nuno-lopes-alves/#primaryimage"},"thumbnailUrl":"https://fce.ufm.edu/businessday/wp-content/uploads/2026/04/UFM-FCE-Business-BusinessDay-Speaker-NunoLopesAlves-2026.jpg","datePublished":"2026-04-10T15:54:08+00:00","dateModified":"2026-04-10T15:54:08+00:00","breadcrumb":{"@id":"https://fce.ufm.edu/businessday/conferencista/nuno-lopes-alves/#breadcrumb"},"inLanguage":"es","potentialAction":[{"@type":"ReadAction","target":["https://fce.ufm.edu/businessday/conferencista/nuno-lopes-alves/"]}]},{"@type":"ImageObject","inLanguage":"es","@id":"https://fce.ufm.edu/businessday/conferencista/nuno-lopes-alves/#primaryimage","url":"https://fce.ufm.edu/businessday/wp-content/uploads/2026/04/UFM-FCE-Business-BusinessDay-Speaker-NunoLopesAlves-2026.jpg","contentUrl":"https://fce.ufm.edu/businessday/wp-content/uploads/2026/04/UFM-FCE-Business-BusinessDay-Speaker-NunoLopesAlves-2026.jpg","width":325,"height":326},{"@type":"BreadcrumbList","@id":"https://fce.ufm.edu/businessday/conferencista/nuno-lopes-alves/#breadcrumb","itemListElement":[{"@type":"ListItem","position":1,"name":"Portada","item":"https://fce.ufm.edu/businessday/"},{"@type":"ListItem","position":2,"name":"Conferencistas","item":"https://fce.ufm.edu/businessday/conferencista/"},{"@type":"ListItem","position":3,"name":"Nuno Lopes Alves"}]},{"@type":"WebSite","@id":"https://fce.ufm.edu/businessday/#website","url":"https://fce.ufm.edu/businessday/","name":"Business day","description":"Universidad Francisco Marroquín","potentialAction":[{"@type":"SearchAction","target":{"@type":"EntryPoint","urlTemplate":"https://fce.ufm.edu/businessday/?s={search_term_string}"},"query-input":"required name=search_term_string"}],"inLanguage":"es"}]}</script>
<!-- / Yoast SEO plugin. -->

Nuno Lopes Alves lidera las operaciones de la compañía en cuarenta y cuatro mercados y territorios de la región, y supervisa las relaciones con instituciones financieras, fintechs, comercios y socios gubernamentales. Cuenta con más de veinticinco años de experiencia en los sectores de banca, pagos y consultoría. Es egresado del MBA de IESE Business School&hellip;

Universidad Francisco Marroquín

<p>Nuno Lopes Alves lidera las operaciones de la compañía en cuarenta y cuatro mercados y territorios de la región, y supervisa las relaciones con instituciones financieras, fintechs, comercios y socios gubernamentales.</p>

Presidente regional Visa América Latina y el Caribe
